ded by 13.
10
Let p(x) = -29*x - 19. Let f(b) = -7*b - 55. Calculate the remainder when p(-8) is divided by f(-14).
41
Let n = -31 - -33. Suppose n*i - 11 = i. What is the remainder when i is divided by 3?
2
Suppose -18 = -4*t + 22. Calculate the remainder when 129 is divided by (3 + 14/t)*5.
19
Let w = 2705 + -2683. Let x = 24 + 0. Let t = -12 + x. What is the remainder when w is divided by t?
10
Let u(v) = 9*v + 7. Let h(n) = -8*n - 6. Let w(i) = 5*h(i) + 4*u(i). Calculate the remainder when w(-1) is divided by 2.
0
Let h = 337 - 216. What is the remainder when h is divided by 41?
39
Let n(b) = -6*b**3 - 2*b**2 + 1. Let v(j) = 4. Let r(z) = z - 1. Let t(a) = r(a) - v(a). Let x be t(4). Calculate the remainder when n(x) is divided by 2.
1
Let k(s) = s + 16. Suppose 2*z - 3*l = 10, 3*z + 0*l - 2*l = 15. Suppose -g - z*w = -25 + 7, -2*w = 4*g - 18. What is the remainder when k(-9) is divided by g?
1
Let r(f) = 158*f**2 - 2*f - 1. Calculate the remainder when r(1) is divided by 10.
5
Let x = 215 + -185. What is the remainder when 59 is divided by x?
29
Let a(f) = 7*f**2 - 2*f - 3. Let z be a(-2). Let x = 512 + -490. What is the remainder when z/(0 + (-3)/(-9)) is divided by x?
21
Suppose 0 = -5*j + 36 + 104. What is the remainder when (5 + -20)/(3 + (-72)/22) is divided by j?
27
Suppose 3 = -5*d + 2*n, -7*d + 2*n - 4 = -3*d. Let h be 2 + d + (-12)/3. Let m = h + 15. What is the remainder when m is divided by 9?
5
Let c = 1593 + -1512. What is the remainder when c is divided by 17?
13
Suppose 0 = 11*h - 16*h + 775. What is the remainder when h is divided by 18?
11
Let j(t) = t**3 - 42*t**2 + 82*t - 14. Calculate the remainder when 278 is divided by j(40).
14
Let o be 4/(-30) - 564/(-180). Suppose -o*s + 20 + 4 = 0. Calculate the remainder when (2 - 1 - -14) + -1 is divided by s.
6
Suppose 8 = 7*o - 3*o. Suppose -2*a + 2*l + 60 = -o*l, -l = 4*a - 111. Calculate the remainder when a is divided by 17.
11
Suppose 6 = 3*u - 6. Let z = 12 + u. Suppose -l - 3*c = -33, -5*l + 33 = -4*c - 113. Calculate the remainder when l is divided by z.
14
Let n be 10/(-35) - (-1256)/(-14). Let s = -71 - n. Suppose 5*u = -2*y + 173, -2*y + y = 3*u - 104. Calculate the remainder when u is divided by s.
16
Let p(x) = x**2 + x + 22. Let w be 0/1*1/2. Let t = -140 - -205. Calculate the remainder when t is divided by p(w).
21
Suppose -3*p + 3 + 0 = 0. Suppose 2 = -t - z, z + 0 - p = -2*t. Suppose 19 = 4*a + 7. Calculate the remainder when a is divided by t.
0
Let k(a) = -10*a**2 + 176*a - 23. What is the remainder when 945 is divided by k(17)?
76
Let d(k) = -k**3 + 14*k**2 - 10*k + 10. Suppose z + 23 = 2*j - 0*j, -5*z = -5*j + 50. What is the remainder when d(j) is divided by 25?
24
Suppose -10*f + 484 + 1296 = 0. What is the remainder when f is divided by 5?
3
Suppose 0 = -5*h - 25 + 125. Let l = h - 11. Let r = -1 + 4. Calculate the remainder when l is divided by r.
0
Suppose 6*x - 162 - 144 = 0. Suppose 3*f - 5*s + 80 = 0, -3*f = -5*f + s - x. Let d = f + 41. Calculate the remainder when 47 is divided by d.
15
Let x = -57 + 71. Calculate the remainder when 108 is divided by x.
10
Let x be (-10)/5*98/(-4). Calculate the remainder when 289 + (4/14 - 14/x) is divided by 58.
57
Let w(g) = 13*g - 7. Calculate the remainder when w(6) is divided by (-2)/(2 - 50/24).
23
Suppose 4*l - 16 = 0, -2*d + 20 = d - l. Suppose -4*r - 5*c + 173 = 0, c - 112 = -3*r + 4. Calculate the remainder when r is divided by d.
5
Suppose -45 = -s - 4*s. Let x = -1 + s. Let f(u) = 3*u**2 + 1. What is the remainder when f(3) is divided by x?
4
Let d(j) = j**2 + 21*j - 19. Let y be d(-19). Let i = -44 - y. What is the remainder when 35 is divided by i?
9
What is the remainder when 346 is divided by -78*((-3)/12)/((-1)/(-2))?
34
Let g(p) = p**2 + 10*p - 29. Let j be g(-13). Suppose 13*k - 234 = j*k. Calculate the remainder when k is divided by 16.
14
Suppose -1173 = -16*i - i. Suppose 0 = -3*j - 2*j + 40. What is the remainder when (0/(1 + 1))/1 + i is divided by j?
5
Suppose 0 = g - 5*g. Suppose g*k + 3 = k. Suppose x - 45 = -3*i, -x + 0 - k = 0. Calculate the remainder when 62 is divided by i.
14
Let i = 0 - -8. Suppose -3*x + 331 = -4*w - 0*x, -4*w - 311 = x. Let y = -65 - w. What is the remainder when y is divided by i?
6
Let d(z) = -2*z**3 - z**2. Let y be d(-2). Let j = y + -7. Calculate the remainder when 19 is divided by j.
4
Suppose -4*t - 10 + 62 = 0. Suppose -12 + 36 = 3*y + 3*n, 2*n = -5*y + 37. Calculate the remainder when t is divided by y.
6
Suppose 5306 = 3*a + 16*k - 18*k, a - 1770 = k. Calculate the remainder when a is divided by 13.
11
Let k(j) = j**2 + 10*j + 8. Let h be k(-10). Let y = 29 - h. Let m = -55 + 137. What is the remainder when m is divided by y?
19
Let x(c) = -6*c - 14. Let t be x(-3). Suppose -38 = -b + t*o, -2*b + 0 + 76 = 2*o. Calculate the remainder when b is divided by (12 - 2)/1 - 0.
8
Suppose -8 = -3*y + 4. Suppose 0 = y*q - 9*q + 290. Calculate the remainder when q is divided by 21.
16
Let d(u) = u**3 + 28*u**2 + 38*u - 27. Calculate the remainder when d(-26) is divided by 34.
31
Let n(f) = f - 4. Let r be n(3). What is the remainder when 142 is divided by (-324)/(-9) - 0/r?
34
Let w = -3 - 12. Let i = w - -22. Let l(h) = -3*h + 13. Calculate the remainder when l(0) is divided by i.
6
Let y = 314 + -294. Calculate the remainder when 57 is divided by y.
17
Let u = 43 - -67. Suppose u = 3*r + 2*x, -2*x - x - 6 = 0. Calculate the remainder when 71 is divided by r.
33
Suppose -111 = -3*a - 3*g, 0 = -4*a + 4*g + 163 + 17. What is the remainder when 120 is divided by a?
38
Suppose 11*g - 580 = -9*g. Calculate the remainder when 78 is divided by g.
20
Suppose 4*f = -5*k + 3430, -k - f + 2*f = -695. Suppose -7*g + k + 297 = 0. Calculate the remainder when g is divided by 29.
25
Suppose 18*n - 17*n + 49 = 0. Let y = -32 - n. Let d = -4 + 11. Calculate the remainder when y is divided by d.
3
Let n = -19 - -28. Calculate the remainder when (192/12)/(-4) - 34/(-1) is divided by n.
3
Let v be 5 + ((-6)/2 + 3)/3. Suppose -87 = 4*j - v*j. What is the remainder when j is divided by (-1*11)/(3/(-6))?
21
Let g(v) = v**3 - 15*v**2 + 9*v - 4. Let p be g(14). Let y = 1 + p. What is the remainder when 47 is divided by 13/(-78) + y/(-6)?
11
Suppose -3*x + 3*o + 370 = -503, o = 4. Calculate the remainder when x is divided by 27.
25
Suppose -g + 3*g + 2 = 0. Let f = 91 - 106. Calculate the remainder when 29 is divided by 1/(g/f) - -1.
13
Let f(a) = -72*a + 169. Calculate the remainder when f(0) is divided by 62.
45
Suppose -101*b = -52*b - 16072. What is the remainder when b is divided by 22?
20
Let y(i) = -16*i - 2. Let n(a) = 16*a + 2. Let j(z) = -6*n(z) - 5*y(z). Calculate the remainder when 148 is divided by j(-2).
28
Let c(o) = 14*o**2 + 15*o + 14. Calculate the remainder when 66 is divided by c(-2).
26
Suppose -2*y - 816 = -3*g, -12*g + 16*g = 4*y + 1092. What is the remainder when g is divided by 33?
6
Let r = -50 + 70. Suppose 5*i - 10 - r = 0. What is the remainder when 26 is divided by i?
2
Let u(x) = 7*x + 51. What is the remainder when 35 is divided by u(-6)?
8
Suppose r + 3*q = -q - 22, 5*q + 44 = -4*r. Let t(m) = -8*m - 10. Let h be t(r). Let l = -2 + h. Calculate the remainder when l is divided by 10.
6
Suppose -5*k = -k - 164. Let v = -28 + k. Suppose 0 = 47*f - 67*f + 740. What is the remainder when f is divided by v?
11
Suppose 12*h - 18 = 10*h. Calculate the remainder when 339 is divided by h.
6
Let o(i) = i**3 - 13*i**2 - i + 5. Let n be o(13). Suppose 53 = 4*a - 31. Let v = n + a. What is the remainder when 37 is divided by v?
11
Suppose 25 - 683 = -14*c. What is the remainder when 796 is divided by c?
44
Let x(m) = -m + 146. Calculate the remainder when x(21) is divided by 22.
15
Suppose -f = -2*o + 7*o + 205, 105 = -2*o - 5*f. Let j = 51 + o. What is the remainder when j is divided by (6 - 1) + (-3)/3?
3
Let a = -241 + 137. Let p = a + 136. What is the remainder when 191 is divided by p?
31
Suppose 6*a - 10*a = -x + 21, -4*x - 5*a = -21. What is the remainder when 97 is divided by x?
7
Let p(k) = 4*k**2 + 25*k - 31*k - k**2 - 3. Calculate the remainder when p(5) is divided by 22.
20
Suppose 5*w + 3*d = 56, 3*w - 3*d + 71 = 95. Calculate the remainder when 2*89